{"id":148,"date":"2023-11-17T17:18:07","date_gmt":"2023-11-17T16:18:07","guid":{"rendered":"https:\/\/gruposantommaso.es\/santa-rita\/?page_id=2"},"modified":"2023-11-17T17:18:07","modified_gmt":"2023-11-17T16:18:07","slug":"aviso-legal","status":"publish","type":"page","link":"https:\/\/gruposantommaso.es\/san-tommaso\/aviso-legal\/","title":{"rendered":"Aviso legal"},"content":{"rendered":"\n<p>En cumplimiento de lo establecido en la L.O. 15\/1999 de Protecci\u00f3n de Datos de Car\u00e1cter Personal, Hoster\u00eda BIB SL le informa que sus datos han sido incorporados a un fichero automatizado con la finalidad de informarle sobre las ofertas, servicios y promociones exclusivas. Los datos recogidos son almacenados bajo la confidencialidad y las medidas de seguridad legalmente establecidas y no ser\u00e1n cedidos ni compartidos con empresas ni entidades ajenas a (Hoster\u00eda BIB). Igualmente deseamos informarle que podr\u00e1 ejercer los derechos de acceso, rectificaci\u00f3n cancelaci\u00f3n u oposici\u00f3n a trav\u00e9s del mail: santommaso39@gmail.com o por comunicaci\u00f3n escrita al responsable legal del fichero: [Hoster\u00eda BIB SL, Calle Correjer\u00eda, 39, Valencia \u2013 46001)<\/p>\n","protected":false},"excerpt":{"rendered":"<p>En cumplimiento de lo establecido en la L.O. 15\/1999 de Protecci\u00f3n de Datos de Car\u00e1cter Personal, Hoster\u00eda BIB SL le informa que sus datos han sido incorporados a un fichero automatizado con la finalidad de informarle sobre las ofertas, servicios y promociones exclusivas. Los datos recogidos son almacenados bajo la confidencialidad y las medidas de [&hellip;]<\/p>\n","protected":false},"author":1,"featured_media":0,"parent":0,"menu_order":15,"comment_status":"closed","ping_status":"open","template":"","meta":{"_acf_changed":false,"inline_featured_image":false,"footnotes":""},"class_list":["post-148","page","type-page","status-publish","hentry"],"acf":[],"_links":{"self":[{"href":"https:\/\/gruposantommaso.es\/san-tommaso\/wp-json\/wp\/v2\/pages\/148","targetHints":{"allow":["GET"]}}],"collection":[{"href":"https:\/\/gruposantommaso.es\/san-tommaso\/wp-json\/wp\/v2\/pages"}],"about":[{"href":"https:\/\/gruposantommaso.es\/san-tommaso\/wp-json\/wp\/v2\/types\/page"}],"author":[{"embeddable":true,"href":"https:\/\/gruposantommaso.es\/san-tommaso\/wp-json\/wp\/v2\/users\/1"}],"replies":[{"embeddable":true,"href":"https:\/\/gruposantommaso.es\/san-tommaso\/wp-json\/wp\/v2\/comments?post=148"}],"version-history":[{"count":0,"href":"https:\/\/gruposantommaso.es\/san-tommaso\/wp-json\/wp\/v2\/pages\/148\/revisions"}],"wp:attachment":[{"href":"https:\/\/gruposantommaso.es\/san-tommaso\/wp-json\/wp\/v2\/media?parent=148"}],"curies":[{"name":"wp","href":"https:\/\/api.w.org\/{rel}","templated":true}]}}